9
In base 7, what is -2156 - -1?
-2155
In base 6, what is -5 + -230?
-235
In base 15, what is -8 + -13c?
-145
In base 7, what is 5 + -1431?
-1423
In base 4, what is -123 + -100?
-223
In base 6, what is 0 - -300?
300
In base 9, what is 287 - -3?
301
In base 3, what is -102 + -21?
-200
In base 16, what is 159b - 3?
1598
In base 5, what is 14 - -2432?
3001
In base 12, what is -2 - -b1?
ab
In base 14, what is 17 + -48c?
-475
In base 9, what is -23 - -6?
-16
In base 9, what is -816 + 0?
-816
In base 12, what is -133 + 4?
-12b
In base 11, what is 63a + 2?
641
In base 16, what is 2 - ac?
-aa
In base 11, what is -1341 - 4?
-1345
In base 14, what is -2c8 + -5?
-2cd
In base 14, what is 971 - -2?
973
In base 8, what is -1461 - -1?
-1460
In base 11, what is 105 + -1?
104
In base 6, what is 431 + 1?
432
In base 6, what is 24 - 5?
15
In base 4, what is 23332 - -2?
30000
In base 11, what is 139 + 2?
140
In base 4, what is 1 + -22113?
-22112
In base 2, what is -100010010000100 + 10?
-100010010000010
In base 9, what is -7 + -313?
-321
In base 10, what is 4 - 108?
-104
In base 12, what is -57b - 5?
-584
In base 6, what is -104135 + -1?
-104140
In base 15, what is e - 21?
-12
In base 14, what is -11 - -11?
0
In base 7, what is 4304 - 5?
4266
In base 2, what is 10 + 100111101001?
100111101011
In base 7, what is 66 + 2?
101
In base 15, what is -2 + -7a?
-7c
In base 10, what is -12 - 13?
-25
In base 2, what is -11001011 - 111?
-11010010
In base 7, what is 11 - -44?
55
In base 7, what is -23 - 12?
-35
In base 16, what is 7 + 7c2?
7c9
In base 12, what is -5 - -8?
3
In base 10, what is -4 - 233?
-237
In base 4, what is 102 - -10?
112
In base 3, what is 10 + 1122100?
1122110
In base 10, what is 1 + -7?
-6
In base 4, what is 0 - 332113?
-332113
In base 8, what is 72 + -7?
63
In base 13, what is -2 - -964?
962
In base 7, what is 135 - -65?
233
In base 13, what is 7041 - -2?
7043
In base 14, what is -a5 + 4?
-a1
In base 14, what is 4546 - -1?
4547
In base 2, what is 1010 - -10?
1100
In base 3, what is -12 - 202?
-221
In base 5, what is -21431 - 1?
-21432
In base 6, what is 1 + -5?
-4
In base 5, what is -20 - 104?
-124
In base 4, what is 3100103 + 10?
3100113
In base 12, what is 23 - 1?
22
In base 11, what is 66 - 5?
61
In base 6, what is 5 - -112?
121
In base 5, what is 3200 + -4?
3141
In base 15, what is -2b8 - -9?
-2ae
In base 4, what is 3 + 1232?
1301
In base 3, what is -11 - -22100?
22012
In base 15, what is 204 + -3?
201
In base 9, what is 10 - -44?
54
In base 15, what is -25 + 25?
0
In base 7, what is -24 - -1?
-23
In base 4, what is -2231 + 121?
-2110
In base 15, what is -7 + -32?
-39
In base 12, what is 16 + -15?
1
In base 6, what is -403 + -11?
-414
In base 8, what is 31 + -1?
30
In base 11, what is 156 + -5?
151
In base 4, what is -32 - 12?
-110
In base 15, what is 56 - 4?
52
In base 10, what is -38 + -4?
-42
In base 14, what is 0 + 1666?
1666
In base 16, what is b - a5?
-9a
In base 3, what is -2202220 - 101?
-2210021
In base 4, what is 1 + 21210?
21211
In base 3, what is 2 - 2220?
-2211
In base 3, what is 0 + 212?
212
In base 3, what is 2011 + 11?
2022
In base 6, what is -10352 + 0?
-10352
In base 4, what is 10 - 2303?
-2233
In base 5, what is 240 - 312?
-22
In base 2, what is -100001101110 - 10?
-100001110000
In base 6, what is -253 + -245?
-542
In base 12, what is 2 - 479?
-477
In base 2, what is 101 + -101010100?
-101001111
In base 4, what is 1 - -100200?
100201
In base 10, what is -322 - -4?
-318
In base 2, what is 11101011 - -11?
11101110
In base 11, what is -89 + -4?
-92
In base 13, what is 0 - 5?
-5
In base 13, what is -2ca + -3?
-300
In base 6, what is -2142 + -2?
-2144
In base 4, what is 100 + -203?
-103
In base 13, what is -3b10 - -3?
-3b0a
In base 16, what is 28 - -17?
3f
In base 4, what is -10220 + 103?
-10111
In base 7, what is 12 - -21?
33
In base 3, what is 110002122 + 11?
110002210
In base 6, what is -22211 + -4?
-22215
In base 9, what is 14 - 241?
-226
In base 4, what is -301030 + 0?
-301030
In base 3, what is 1200 - 10?
1120
In base 4, what is -1023 - -13?
-1010
In base 3, what is 1 + 10012122?
10012200
In base 13, what is 1bc - 0?
1bc
In base 16, what is 3 + -42c?
-429
In base 3, what is -2000 + 21?
-1202
In base 2, what is 10 - 10001001?
-10000111
In base 16, what is -4 + 73c?
738
In base 13, what is -1 - -53?
52
In base 6, what is -2 + -41?
-43
In base 14, what is -5 - -523?
51c
In base 8, what is -740 + 3?
-735
In base 12, what is 52 + -65?
-13
In base 16, what is -2 - 2eb?
-2ed
In base 10, what is -9 - 94?
-103
In base 10, what is 1 + -693?
-692
In base 2, what is -101000 + 10100010?
1111010
In base 5, what is 1331 + -1?
1330
In base 11, what is 0 + 173?
173
In base 9, what is 1 - 103?
-102
In base 2, what is 110 - 1000001100?
-1000000110
In base 15, what is -25 - 9?
-2e
In base 12, what is -6a2 + 2?
-6a0
In base 16, what is -4 - c2?
-c6
In base 15, what is 114 + -4?
110
In base 3, what is -222001202 + 0?
-222001202
In base 6, what is 154 + 31?
225
In base 15, what is -1e + -8?
-27
In base 11, what is 8 - -21?
29
In base 15, what is 46 - 7e?
-38
In base 6, what is 1005 - 4?
1001
In base 14, what is -41 - 15?
-56
In base 5, what is 122 + -233?
-111
In base 7, what is 420 - -3?
423
In base 2, what is -101100 + 0?
-101100
In base 5, what is 420 + 3?
423
In base 16, what is -3 - 6?
-9
In base 16, what is 1 + a?
b
In base 5, what is -410 + -4?
-414
In base 8, what is 5 - -535?
542
In base 15, what is 2 - -75?
77
In base 13, what is -90 - -1?
-8c
In base 15, what is -5 - -97?
92
In base 14, what is 1 - 22c?
-22b
In base 3, what is -220201122 + -12?
-220201211
In base 4, what is 23 + 2023?
2112
In base 5, what is 101 + -41?
10
In base 11, what is -1 - 862?
-863
In base 12, what is -32 - 123?
-155
In base 3, what is 1011 + 20?
1101
In base 13, what is -30cb + -3?
-3101
In base 4, what is 1 + 202?
203
In base 2, what is 1 - 11101111110?
-11101111101
In base 8, what is -112 - 0?
-112
In base 4, what is 22 - 23?
-1
In base 3, what is 10 - -2020100?
2020110
In base 15, what is -5e9 + 0?
-5e9
In base 15, what is -54a - 0?
-54a
In base 9, what is 0 - 4640?
-4640
In base 12, what is -5 + -b7?
-100
In base 8, what is -12136 + 5?
-12131
In base 9, what is 22 + 164?
186
In base 4, what is 103 + -330?
-221
In base 7, what is 51002 - -5?
51010
In base 7, what is -3 + -2?
-5
In base 12, what is -20 + -1?
-21
In base 4, what is -11 + 123?
112
In base 10, what is 1 - 133?
-132
In base 14, what is -1b + -202?
-21d
In base 6, what is 20 + 40?
100
In base 12, what is -2 - -31?
2b
In base 6, what is 440 - 1?
435
In base 12, what is 342 + 3?
345
In base 5, what is 22 + 114?
141
In base 2, what is -11 - 1000101100?
-1000101111
In base 14, what is -2 - -110?
10c
In base 3, what is -202 - -2000?
1021
In base 10, what is -5 + -11?
-16
In base 6, what is 54 - 21?
33
In base 10, what is 91 + -4?
87
In base 12, what is -69 + -4?
-71
In base 9, what is 1174 + 4?
1178
In base 4, what is 1 - 31301?
-31300
In base 8, what is -1 + -723?
-724
In base 13, what is b9 - -2?
bb
In base 16, what is 41 - -4?
45
In base 5, what is 41 + 1?
42
In base 4, what is 11 - -12111?
12122
In base 6, what is 5 + 3?
12
In base 8, what is -25 - -1?
-24
In base 5, what is 32 + -12?
20
In base 13, what is -1 - -800?
7cc
In base 8, what is 2 - -36?
40
In base 5, what is -12300 + 2?
-12243
In base 6, what is -4 + 431?
423
In base 14, what is 3b4 - -3?
3b7
In base 5, what is -34203 - -1?
-34202
In base 3, what is -2122 + -1001?
-10200
In base 9, what is -2712 - 3?
-2715
In base 2, what is -10011 - -1001100?
111001
In base 9, what is -111 - -8?
-102
In base 14, what is -3 - 1?
-4
In base 4, what is -3111 - 12?
-3123
In base 14, what is a - 54?
-48
In base 11, what is 6 - 129?
-123
In base 2, what is -1111010 + 0?
-1111010
In base 8, what is 1 + 130?
131
In base 10, what is -12 - -751?
739
In base 3, what is 21 + -2002?
-1211
In base 13, what is 31 + 1?
32
In base 15, what is -5 - ab4?
-ab9
In base 7, what is -12 - -50?
35
In base 8, what is 1 - -1262?
1263
In base 12, what is -a0 + 0?
-a0
In base 6, what is 541 + -1?
540
In base 15, what is 2 + -828?
-826
In base 14, what is -3 + 1140?
113b
In base 9, what is -13 + -3?
-16
In base 4, what is 2 + -130?
-122
In base 5, what is 40 - 114?
-24
In base 9,